{"id":14,"date":"2015-12-08T11:45:12","date_gmt":"2015-12-08T11:45:12","guid":{"rendered":"http:\/\/xml-io.proteusthemes.com\/beauty\/?page_id=14"},"modified":"2016-09-20T12:37:58","modified_gmt":"2016-09-20T12:37:58","slug":"sherbimet","status":"publish","type":"page","link":"https:\/\/infeksioni.com\/?page_id=14","title":{"rendered":"Sh\u00ebrbimet"},"content":{"rendered":"<div id=\"pl-14\"  class=\"panel-layout\" ><div id=\"pg-14-0\"  class=\"panel-grid panel-no-style\" ><div id=\"pgc-14-0-0\"  class=\"panel-grid-cell\" ><div id=\"panel-14-0-0-0\" class=\"so-panel widget widget_pw_featured_page widget-featured-page panel-first-child panel-last-child\" data-index=\"0\" >\n\t<div class=\"page-box  page-box--block\">\n\t\t\t\t\t<a class=\"page-box__picture\" href=\"https:\/\/infeksioni.com\/?page_id=117\">\n\t\t\t\t<img loading=\"lazy\" decoding=\"async\" src=\"https:\/\/infeksioni.com\/wp-content\/uploads\/2015\/12\/1267175-1-360x180.jpg\" width=\"360\" height=\"180\" srcset=\"https:\/\/infeksioni.com\/wp-content\/uploads\/2015\/12\/1267175-1-360x180.jpg 360w, https:\/\/infeksioni.com\/wp-content\/uploads\/2015\/12\/1267175-1.jpg 680w\" sizes=\"auto, (min-width: 992px) 360px, calc(100vw - 30px)\" class=\"wp-post-image\" alt=\"Analiza Laboratorike\">\n\t\t\t<\/a>\n\t\t\t\t<div class=\"page-box__content\">\n\t\t\t<h4 class=\"page-box__title\"><a href=\"https:\/\/infeksioni.com\/?page_id=117\">Analiza Laboratorike<\/a><\/h4>\n\t\t\t<p class=\"page-box__text\">Analiza Laboratorike duke shfryt\u00ebzuar teknologjin\u00eb m\u00eb bashk\u00ebkohore...<\/p>\n\t\t\t\t\t\t\t<a href=\"https:\/\/infeksioni.com\/?page_id=117\" class=\"page-box__more-link\">LEXO M\u00cb SHUM\u00cb<\/a>\n\t\t\t\t\t<\/div>\n\t<\/div>\n\n<\/div><\/div><div id=\"pgc-14-0-1\"  class=\"panel-grid-cell\" ><div id=\"panel-14-0-1-0\" class=\"so-panel widget widget_pw_featured_page widget-featured-page panel-first-child panel-last-child\" data-index=\"1\" >\n\t<div class=\"page-box  page-box--block\">\n\t\t\t\t\t<a class=\"page-box__picture\" href=\"https:\/\/infeksioni.com\/?page_id=808\">\n\t\t\t\t<img loading=\"lazy\" decoding=\"async\" src=\"https:\/\/infeksioni.com\/wp-content\/uploads\/2016\/09\/Logiq-P6-001-2-360x180.png\" width=\"360\" height=\"180\" srcset=\"https:\/\/infeksioni.com\/wp-content\/uploads\/2016\/09\/Logiq-P6-001-2-360x180.png 360w, https:\/\/infeksioni.com\/wp-content\/uploads\/2016\/09\/Logiq-P6-001-2.png 1179w\" sizes=\"auto, (min-width: 992px) 360px, calc(100vw - 30px)\" class=\"wp-post-image\" alt=\"Ultraz\u00ebri\">\n\t\t\t<\/a>\n\t\t\t\t<div class=\"page-box__content\">\n\t\t\t<h4 class=\"page-box__title\"><a href=\"https:\/\/infeksioni.com\/?page_id=808\">Ultraz\u00ebri<\/a><\/h4>\n\t\t\t<p class=\"page-box__text\">Ultraz\u00eb me nj\u00eb staff mjek\u00ebsor t\u00eb specialuzuar me p\u00ebrvoj pune shum vjeqare...<\/p>\n\t\t\t\t\t\t\t<a href=\"https:\/\/infeksioni.com\/?page_id=808\" class=\"page-box__more-link\">LEXO M\u00cb SHUM\u00cb<\/a>\n\t\t\t\t\t<\/div>\n\t<\/div>\n\n<\/div><\/div><div id=\"pgc-14-0-2\"  class=\"panel-grid-cell\" ><div id=\"panel-14-0-2-0\" class=\"so-panel widget widget_pw_featured_page widget-featured-page panel-first-child panel-last-child\" data-index=\"2\" >\n\t<div class=\"page-box  page-box--block\">\n\t\t\t\t\t<a class=\"page-box__picture\" href=\"https:\/\/infeksioni.com\/?page_id=120\">\n\t\t\t\t<img loading=\"lazy\" decoding=\"async\" src=\"https:\/\/infeksioni.com\/wp-content\/uploads\/2015\/12\/Dr-Arben-Vishaj-Infeksioni-360x180.png\" width=\"360\" height=\"180\" srcset=\"https:\/\/infeksioni.com\/wp-content\/uploads\/2015\/12\/Dr-Arben-Vishaj-Infeksioni-360x180.png 360w, https:\/\/infeksioni.com\/wp-content\/uploads\/2015\/12\/Dr-Arben-Vishaj-Infeksioni.png 680w\" sizes=\"auto, (min-width: 992px) 360px, calc(100vw - 30px)\" class=\"wp-post-image\" alt=\"Infektologu\">\n\t\t\t<\/a>\n\t\t\t\t<div class=\"page-box__content\">\n\t\t\t<h4 class=\"page-box__title\"><a href=\"https:\/\/infeksioni.com\/?page_id=120\">Infektologu<\/a><\/h4>\n\t\t\t<p class=\"page-box__text\">Ne ofrojm\u00eb vizita specialistike infektologjike dhe konsultative  p\u00ebr pacient ...<\/p>\n\t\t\t\t\t\t\t<a href=\"https:\/\/infeksioni.com\/?page_id=120\" class=\"page-box__more-link\">LEXO M\u00cb SHUM\u00cb<\/a>\n\t\t\t\t\t<\/div>\n\t<\/div>\n\n<\/div><\/div><\/div><\/div>","protected":false},"excerpt":{"rendered":"<p>\u00a0\u00a0\u00a0<\/p>\n","protected":false},"author":1,"featured_media":0,"parent":0,"menu_order":0,"comment_status":"closed","ping_status":"closed","template":"","meta":{"_acf_changed":false,"footnotes":""},"class_list":["post-14","page","type-page","status-publish","hentry"],"acf":[],"_links":{"self":[{"href":"https:\/\/infeksioni.com\/index.php?rest_route=\/wp\/v2\/pages\/14","targetHints":{"allow":["GET"]}}],"collection":[{"href":"https:\/\/infeksioni.com\/index.php?rest_route=\/wp\/v2\/pages"}],"about":[{"href":"https:\/\/infeksioni.com\/index.php?rest_route=\/wp\/v2\/types\/page"}],"author":[{"embeddable":true,"href":"https:\/\/infeksioni.com\/index.php?rest_route=\/wp\/v2\/users\/1"}],"replies":[{"embeddable":true,"href":"https:\/\/infeksioni.com\/index.php?rest_route=%2Fwp%2Fv2%2Fcomments&post=14"}],"version-history":[{"count":0,"href":"https:\/\/infeksioni.com\/index.php?rest_route=\/wp\/v2\/pages\/14\/revisions"}],"wp:attachment":[{"href":"https:\/\/infeksioni.com\/index.php?rest_route=%2Fwp%2Fv2%2Fmedia&parent=14"}],"curies":[{"name":"wp","href":"https:\/\/api.w.org\/{rel}","templated":true}]}}