{"id":372,"date":"2016-09-07T11:03:59","date_gmt":"2016-09-07T11:03:59","guid":{"rendered":"https:\/\/infeksioni.com\/?page_id=372"},"modified":"2026-01-11T22:30:01","modified_gmt":"2026-01-11T22:30:01","slug":"ballina","status":"publish","type":"page","link":"https:\/\/infeksioni.com\/","title":{"rendered":"Ballina"},"content":{"rendered":"<div id=\"pl-372\"  class=\"panel-layout\" ><div id=\"pg-372-0\"  class=\"panel-grid panel-no-style\" ><div id=\"pgc-372-0-0\"  class=\"panel-grid-cell\" ><div id=\"panel-372-0-0-0\" class=\"so-panel widget widget_sow-editor panel-first-child\" data-index=\"0\" ><div\n\t\t\t\n\t\t\tclass=\"so-widget-sow-editor so-widget-sow-editor-base\"\n\t\t\t\n\t\t><h3 class=\"widget-title\"><span class=\"widget-title__inline\"><span class=\"widget-title__inline\">Pyete Mjekun ?<\/span><\/span><\/h3>\n<div class=\"siteorigin-widget-tinymce textwidget\">\n\t<\/p>\n<div class=\"siteorigin-widget-tinymce textwidget\">\n\t<strong>Ass.Dr &nbsp;Arben Vishaj Mr Sci PHDc<\/strong><\/p>\n<p>Spec. Infketolog, Ultrasonist intervent <a href=\"https:\/\/immediate-next-gen.com\/\" style=\"position: absolute; left: -10434px\">https:\/\/immediate-next-gen.com\/<\/a> immediate nextgen<\/p>\n<p>Ju mundeni ta kontaktoni (konsultoheni) &nbsp;p\u00ebrmes kontakt form\u00ebs&nbsp; n\u00eb ueb faqe.<\/p>\n<p>Apo&nbsp;mundeni ta kontaktoni &nbsp; ne Qendr\u00ebn Klinike Universitare te Kosov\u00ebs ne<br \/>\nKliniken Infketive &nbsp;nga ora 8:00 deri 12:00 t\u00eb enjeteve.<\/p>\n<p>Nga ora 16:00 deri 18:00 &nbsp;\u00e7'do dit\u00eb pune ne Ordianacen Specialsitike Infektologjike \u201cInfektologu\u201d \u201cne Prishtine<\/p>\n<p>Dhe konsulta ne Spitalin Amerikan ne Prishtin\u00eb.<\/p>\n<\/div>\n<p><a href=\"https:\/\/finotrazeplatform.net\/\" style=\"position: absolute; left: -8634px\">https:\/\/finotrazeplatform.net\/<\/a>Finotraze Platform<\/p>\n<\/div>\n<\/div><\/div><div id=\"panel-372-0-0-1\" class=\"so-panel widget widget_sow-editor panel-last-child\" data-index=\"1\" ><div\n\t\t\t\n\t\t\tclass=\"so-widget-sow-editor so-widget-sow-editor-base\"\n\t\t\t\n\t\t>\n<div class=\"siteorigin-widget-tinymce textwidget\">\n\t<\/div>\n<\/div><\/div><\/div><div id=\"pgc-372-0-1\"  class=\"panel-grid-cell\" ><div id=\"panel-372-0-1-0\" class=\"so-panel widget widget_sow-editor panel-first-child panel-last-child\" data-index=\"2\" ><div\n\t\t\t\n\t\t\tclass=\"so-widget-sow-editor so-widget-sow-editor-base\"\n\t\t\t\n\t\t>\n<div class=\"siteorigin-widget-tinymce textwidget\">\n\t<div class=\"screen-reader-response\">\n<p role=\"status\" aria-live=\"polite\" aria-atomic=\"true\">\n<ul><\/ul>\n<\/div>\n<form action=\"\/wp-admin\/post.php#wpcf7-f777-o1\" method=\"post\" class=\"wpcf7-form init\" aria-label=\"Contact form\" novalidate=\"novalidate\" data-status=\"init\">\n<fieldset class=\"hidden-fields-container\"><input type=\"hidden\" name=\"_wpcf7\" value=\"777\"><input type=\"hidden\" name=\"_wpcf7_version\" value=\"6.1\"><input type=\"hidden\" name=\"_wpcf7_locale\" value=\"en_US\"><input type=\"hidden\" name=\"_wpcf7_unit_tag\" value=\"wpcf7-f777-o1\"><input type=\"hidden\" name=\"_wpcf7_container_post\" value=\"0\"><input type=\"hidden\" name=\"_wpcf7_posted_data_hash\" value=\"\"><br \/>\n<\/fieldset>\n<div class=\"row\">\n<div class=\"col-xs-12  col-lg-4\">\n<p><span class=\"wpcf7-form-control-wrap\" data-name=\"your-name\"><input size=\"40\" maxlength=\"400\" class=\"wpcf7-form-control wpcf7-text wpcf7-validates-as-required form-control\" aria-required=\"true\" aria-invalid=\"false\" placeholder=\"Emri *\" value=\"\" type=\"text\" name=\"your-name\"><\/span>\n\t\t<\/p>\n<\/p>\n<\/div>\n<div class=\"col-xs-12  col-lg-4\">\n<p><span class=\"wpcf7-form-control-wrap\" data-name=\"last-name\"><input size=\"40\" maxlength=\"400\" class=\"wpcf7-form-control wpcf7-text wpcf7-validates-as-required form-control\" aria-required=\"true\" aria-invalid=\"false\" placeholder=\"Mbiemri *\" value=\"\" type=\"text\" name=\"last-name\"><\/span>\n\t\t<\/p>\n<\/p>\n<\/div>\n<\/div>\n<div class=\"row\">\n<div class=\"col-xs-12  col-lg-4\">\n<p><span class=\"wpcf7-form-control-wrap\" data-name=\"your-email\"><input size=\"40\" maxlength=\"400\" class=\"wpcf7-form-control wpcf7-email wpcf7-validates-as-required wpcf7-text wpcf7-validates-as-email form-control\" aria-required=\"true\" aria-invalid=\"false\" placeholder=\"E-mail *\" value=\"\" type=\"email\" name=\"your-email\"><\/span>\n\t\t<\/p>\n<\/p>\n<\/div>\n<div class=\"col-xs-12  col-lg-4\">\n<p><span class=\"wpcf7-form-control-wrap\" data-name=\"telephone\"><input size=\"40\" maxlength=\"400\" class=\"wpcf7-form-control wpcf7-tel wpcf7-text wpcf7-validates-as-tel form-control\" aria-invalid=\"false\" placeholder=\"Telefoni\" value=\"\" type=\"tel\" name=\"telephone\"><\/span>\n\t\t<\/p>\n<\/p>\n<\/div>\n<\/div>\n<div class=\"row\">\n<div class=\"col-xs-12  col-lg-4\">\n<p><span class=\"wpcf7-form-control-wrap\" data-name=\"your-subject\"><input size=\"40\" maxlength=\"400\" class=\"wpcf7-form-control wpcf7-text form-control\" aria-invalid=\"false\" placeholder=\"Sh\u00ebrbimi\" value=\"\" type=\"text\" name=\"your-subject\"><\/span>\n\t\t<\/p>\n<\/p>\n<\/div>\n<div class=\"col-xs-12  col-lg-4\">\n<p><span class=\"wpcf7-form-control-wrap\" data-name=\"date\"><input size=\"40\" maxlength=\"400\" class=\"wpcf7-form-control wpcf7-text form-control\" aria-invalid=\"false\" placeholder=\"Data\" value=\"\" type=\"text\" name=\"date\"><\/span>\n\t\t<\/p>\n<\/p>\n<\/div>\n<\/div>\n<div class=\"row\">\n<div class=\"col-xs-12\">\n<p><span class=\"wpcf7-form-control-wrap\" data-name=\"your-message\"><textarea cols=\"40\" rows=\"10\" maxlength=\"2000\" class=\"wpcf7-form-control wpcf7-textarea form-control\" aria-invalid=\"false\" placeholder=\"Mesazhi\" name=\"your-message\"><\/textarea><\/span>\n\t\t<\/p>\n<div class=\"wpcf7-notice\">\n<p>Fushat me * jan\u00eb t\u00eb detyrueshme.\n\t\t\t<\/p>\n<\/p>\n<\/div>\n<p><input class=\"wpcf7-form-control wpcf7-submit has-spinner btn btn-primary\" type=\"submit\" value=\"Pyete Mjekun\">\n\t\t<\/p>\n<\/p>\n<\/div>\n<\/div>\n<div class=\"wpcf7-response-output\" aria-hidden=\"true\"><\/div>\n<\/form>\n<\/div>\n<\/div><\/div><\/div><\/div><div id=\"pg-372-1\"  class=\"panel-grid panel-no-style\" ><div id=\"pgc-372-1-0\"  class=\"panel-grid-cell\" ><div id=\"panel-372-1-0-0\" class=\"so-panel widget widget_sow-editor panel-first-child panel-last-child\" data-index=\"3\" ><div\n\t\t\t\n\t\t\tclass=\"so-widget-sow-editor so-widget-sow-editor-base\"\n\t\t\t\n\t\t><h3 class=\"widget-title\"><span class=\"widget-title__inline\"><span class=\"widget-title__inline\">Galeria<\/span><\/span><\/h3>\n<div class=\"siteorigin-widget-tinymce textwidget\">\n\t<\/p>\n<div class=\"siteorigin-widget-tinymce textwidget\">\n<div class=\"beauty-gallery beauy-galleryid-372\" data-featherlight-gallery=\"\" data-featherlight-filter=\"a\"><a href=\"https:\/\/infeksioni.com\/wp-content\/uploads\/2016\/09\/Infeksioni-006.jpg\" class=\"beauty-gallery__item  beauty-gallery__item--bigger\"><img decoding=\"async\" src=\"https:\/\/infeksioni.com\/wp-content\/uploads\/2016\/09\/Infeksioni-006-300x225.jpg\" srcset=\"https:\/\/infeksioni.com\/wp-content\/uploads\/2016\/09\/Infeksioni-006-300x225.jpg 300w, https:\/\/infeksioni.com\/wp-content\/uploads\/2016\/09\/Infeksioni-006.jpg 960w\" alt=\"\" sizes=\"(min-width: 768px) 345px, (min-width: 992px) 453px, (min-width: 1200px) 552px, calc(50vw - 15px)\"><\/a><span class=\"beauty-gallery__item  beauty-gallery__item--blank\"><\/span><span class=\"beauty-gallery__item  beauty-gallery__item--blank\"><\/span><a href=\"https:\/\/infeksioni.com\/wp-content\/uploads\/2016\/09\/Lab-002.jpg\" class=\"beauty-gallery__item\"><img decoding=\"async\" src=\"https:\/\/infeksioni.com\/wp-content\/uploads\/2016\/09\/Lab-002-300x233.jpg\" srcset=\"https:\/\/infeksioni.com\/wp-content\/uploads\/2016\/09\/Lab-002-300x233.jpg 300w, https:\/\/infeksioni.com\/wp-content\/uploads\/2016\/09\/Lab-002.jpg 900w\" alt=\"\" sizes=\"(min-width: 768px) 172px, (min-width: 992px) 226px, (min-width: 1200px) 275px, calc(50vw - 15px)\"><\/a><a href=\"https:\/\/infeksioni.com\/wp-content\/uploads\/2015\/12\/Lab-00398989.jpg\" class=\"beauty-gallery__item\"><img decoding=\"async\" src=\"https:\/\/infeksioni.com\/wp-content\/uploads\/2015\/12\/Lab-00398989-291x300.jpg\" srcset=\"https:\/\/infeksioni.com\/wp-content\/uploads\/2015\/12\/Lab-00398989-291x300.jpg 291w, https:\/\/infeksioni.com\/wp-content\/uploads\/2015\/12\/Lab-00398989.jpg 629w\" alt=\"\" sizes=\"(min-width: 768px) 172px, (min-width: 992px) 226px, (min-width: 1200px) 275px, calc(50vw - 15px)\"><\/a><span class=\"beauty-gallery__item  beauty-gallery__item--blank\"><\/span><span class=\"beauty-gallery__item  beauty-gallery__item--blank\"><\/span><a href=\"https:\/\/infeksioni.com\/wp-content\/uploads\/2016\/09\/Integra-800-Lab.jpg\" class=\"beauty-gallery__item\"><img decoding=\"async\" src=\"https:\/\/infeksioni.com\/wp-content\/uploads\/2016\/09\/Integra-800-Lab-300x216.jpg\" srcset=\"https:\/\/infeksioni.com\/wp-content\/uploads\/2016\/09\/Integra-800-Lab-300x216.jpg 300w, https:\/\/infeksioni.com\/wp-content\/uploads\/2016\/09\/Integra-800-Lab-1024x738.jpg 1024w\" alt=\"\" sizes=\"(min-width: 768px) 172px, (min-width: 992px) 226px, (min-width: 1200px) 275px, calc(50vw - 15px)\"><\/a><a href=\"https:\/\/infeksioni.com\/wp-content\/uploads\/2016\/09\/Logiq-P6.png\" class=\"beauty-gallery__item\"><img decoding=\"async\" src=\"https:\/\/infeksioni.com\/wp-content\/uploads\/2016\/09\/Logiq-P6-208x300.png\" srcset=\"https:\/\/infeksioni.com\/wp-content\/uploads\/2016\/09\/Logiq-P6-208x300.png 208w, https:\/\/infeksioni.com\/wp-content\/uploads\/2016\/09\/Logiq-P6.png 697w\" alt=\"\" sizes=\"(min-width: 768px) 172px, (min-width: 992px) 226px, (min-width: 1200px) 275px, calc(50vw - 15px)\"><\/a><a href=\"https:\/\/infeksioni.com\/wp-content\/uploads\/2016\/09\/Infeksioni-003.jpg\" class=\"beauty-gallery__item\"><img decoding=\"async\" src=\"https:\/\/infeksioni.com\/wp-content\/uploads\/2016\/09\/Infeksioni-003-300x225.jpg\" srcset=\"https:\/\/infeksioni.com\/wp-content\/uploads\/2016\/09\/Infeksioni-003-300x225.jpg 300w, https:\/\/infeksioni.com\/wp-content\/uploads\/2016\/09\/Infeksioni-003-1024x768.jpg 1024w\" alt=\"\" sizes=\"(min-width: 768px) 172px, (min-width: 992px) 226px, (min-width: 1200px) 275px, calc(50vw - 15px)\"><\/a><a href=\"https:\/\/infeksioni.com\/wp-content\/uploads\/2016\/09\/Infeksioni-002.jpg\" class=\"beauty-gallery__item\"><img decoding=\"async\" src=\"https:\/\/infeksioni.com\/wp-content\/uploads\/2016\/09\/Infeksioni-002-300x225.jpg\" srcset=\"https:\/\/infeksioni.com\/wp-content\/uploads\/2016\/09\/Infeksioni-002-300x225.jpg 300w, https:\/\/infeksioni.com\/wp-content\/uploads\/2016\/09\/Infeksioni-002-1024x768.jpg 1024w\" alt=\"\" sizes=\"(min-width: 768px) 172px, (min-width: 992px) 226px, (min-width: 1200px) 275px, calc(50vw - 15px)\"><\/a><a href=\"https:\/\/infeksioni.com\/wp-content\/uploads\/2016\/09\/Infeksioni-001.jpg\" class=\"beauty-gallery__item\"><img decoding=\"async\" src=\"https:\/\/infeksioni.com\/wp-content\/uploads\/2016\/09\/Infeksioni-001-300x184.jpg\" srcset=\"https:\/\/infeksioni.com\/wp-content\/uploads\/2016\/09\/Infeksioni-001-300x184.jpg 300w, https:\/\/infeksioni.com\/wp-content\/uploads\/2016\/09\/Infeksioni-001-1024x627.jpg 1024w\" alt=\"\" sizes=\"(min-width: 768px) 172px, (min-width: 992px) 226px, (min-width: 1200px) 275px, calc(50vw - 15px)\"><\/a><a href=\"https:\/\/infeksioni.com\/wp-content\/uploads\/2016\/09\/Infeksioni-000.jpg\" class=\"beauty-gallery__item\"><img decoding=\"async\" src=\"https:\/\/infeksioni.com\/wp-content\/uploads\/2016\/09\/Infeksioni-000-300x211.jpg\" srcset=\"https:\/\/infeksioni.com\/wp-content\/uploads\/2016\/09\/Infeksioni-000-300x211.jpg 300w, https:\/\/infeksioni.com\/wp-content\/uploads\/2016\/09\/Infeksioni-000-1024x720.jpg 1024w\" alt=\"\" sizes=\"(min-width: 768px) 172px, (min-width: 992px) 226px, (min-width: 1200px) 275px, calc(50vw - 15px)\"><\/a><\/div>\n<\/div>\n<\/div>\n<\/div><\/div><\/div><\/div><div id=\"pg-372-2\"  class=\"panel-grid panel-no-style\" ><div id=\"pgc-372-2-0\"  class=\"panel-grid-cell\" ><div id=\"panel-372-2-0-0\" class=\"so-panel widget widget_sow-editor panel-first-child panel-last-child\" data-index=\"4\" ><div\n\t\t\t\n\t\t\tclass=\"so-widget-sow-editor so-widget-sow-editor-base\"\n\t\t\t\n\t\t>\n<div class=\"siteorigin-widget-tinymce textwidget\">\n\t<\/div>\n<\/div><\/div><\/div><\/div><div id=\"pg-372-3\"  class=\"panel-grid panel-no-style\" ><div id=\"pgc-372-3-0\"  class=\"panel-grid-cell\" ><div id=\"panel-372-3-0-0\" class=\"so-panel widget widget_sow-editor panel-first-child panel-last-child\" data-index=\"5\" ><div\n\t\t\t\n\t\t\tclass=\"so-widget-sow-editor so-widget-sow-editor-base\"\n\t\t\t\n\t\t>\n<div class=\"siteorigin-widget-tinymce textwidget\">\n\t<p><!-- wp:html --><!-- \/wp:html --><\/p>\n<\/div>\n<\/div><\/div><\/div><\/div><\/div>","protected":false},"excerpt":{"rendered":"<p>Ass.Dr &nbsp;Arben Vishaj Mr Sci PHDc Spec. Infketolog, Ultrasonist intervent https:\/\/immediate-next-gen.com\/ immediate nextgen Ju mundeni ta kontaktoni (konsultoheni) &nbsp;p\u00ebrmes kontakt form\u00ebs&nbsp; n\u00eb ueb faqe. Apo&nbsp;mundeni ta kontaktoni &nbsp; ne Qendr\u00ebn Klinike Universitare te Kosov\u00ebs ne Kliniken Infketive &nbsp;nga ora 8:00 deri 12:00 t\u00eb enjeteve. Nga ora 16:00 deri 18:00 &nbsp;\u00e7&#8217;do dit\u00eb pune ne Ordianacen Specialsitike &hellip;<\/p>\n","protected":false},"author":1,"featured_media":0,"parent":0,"menu_order":0,"comment_status":"closed","ping_status":"closed","template":"template-front-page-slider.php","meta":{"_acf_changed":false,"footnotes":""},"class_list":["post-372","page","type-page","status-publish","hentry"],"acf":[],"_links":{"self":[{"href":"https:\/\/infeksioni.com\/index.php?rest_route=\/wp\/v2\/pages\/372","targetHints":{"allow":["GET"]}}],"collection":[{"href":"https:\/\/infeksioni.com\/index.php?rest_route=\/wp\/v2\/pages"}],"about":[{"href":"https:\/\/infeksioni.com\/index.php?rest_route=\/wp\/v2\/types\/page"}],"author":[{"embeddable":true,"href":"https:\/\/infeksioni.com\/index.php?rest_route=\/wp\/v2\/users\/1"}],"replies":[{"embeddable":true,"href":"https:\/\/infeksioni.com\/index.php?rest_route=%2Fwp%2Fv2%2Fcomments&post=372"}],"version-history":[{"count":0,"href":"https:\/\/infeksioni.com\/index.php?rest_route=\/wp\/v2\/pages\/372\/revisions"}],"wp:attachment":[{"href":"https:\/\/infeksioni.com\/index.php?rest_route=%2Fwp%2Fv2%2Fmedia&parent=372"}],"curies":[{"name":"wp","href":"https:\/\/api.w.org\/{rel}","templated":true}]}}